-1)/(-6)). Suppose -110 = -5*i + g. List the prime factors of i.
31
Suppose 20 = 7*y - 3*y. Suppose -3*m + 9 = -p, 49 = -5*p - y*m - 76. Let i = 35 + p. List the prime factors of i.
2, 7
Let i = 1450 - 1029. List the prime factors of i.
421
Let n(x) be the third derivative of -35*x**4/24 - 20*x**3/3 + 35*x**2. What are the prime factors of n(-5)?
3, 5
Let p be (-4)/((-4)/139)*4/1. Let a = p + -363. List the prime factors of a.
193
Let c(m) = 4*m + 1. Let k be c(1). Suppose -2 = k*l + w, 4*l - 2*w - 4 = -0. What are the prime factors of 15 + l + (-2)/1?
13
Let q = -211 - -327. List the prime factors of q.
2, 29
Let h(y) = -7 + 10 - y**2 + 13 - 3 + 12*y. Suppose 3*c = -0*c + 33. List the prime factors of h(c).
2, 3
Let n(y) = y**2 - 30*y + 451. What are the prime factors of n(60)?
2251
Let j(m) = -m**3 + 7*m**2 + 4*m - 9. Let o be j(7). Let h = o + -23. What are the prime factors of (-222)/(-8) + (-1)/h?
2, 7
Let w = 1228 - -151. Suppose -f = -1, 7*x - 2*x - w = f. List the prime factors of x.
2, 3, 23
Let o(m) = m**3 - 3*m**2 - 2. Suppose 2*z + 5*u = 9 + 19, u + 8 = 3*z. Let q be o(z). What are the prime factors of 0 + 3/(3/q)?
2, 7
Suppose -5*g + z + 3*z + 11096 = 0, -z = -3*g + 6659. List the prime factors of g.
2, 3, 5, 37
Suppose 70*n - 83*n = -5278. What are the prime factors of n?
2, 7, 29
Let x = 445 + -261. What are the prime factors of x?
2, 23
Suppose -100 = -d + 115. Suppose -2*f + d = 3*j, -3*j + j - 200 = -2*f. List the prime factors of f.
103
Suppose -1042 + 2665 = 3*q - g, 2*g - 6 = 0. List the prime factors of q.
2, 271
Suppose 1117 + 2075 = 12*x. What are the prime factors of x?
2, 7, 19
Let v(i) = -i**3 + 9*i**2 - 2*i + 6. Let q be v(9). Let l = 12 + q. Suppose -5*p + 72 = -3*n, 8 = -2*n - l*n. List the prime factors of p.
2, 3
Let a = 39 + 12. Let p = 40 + a. List the prime factors of p.
7, 13
Let l be (1/2)/(2/(-4)). Let r(j) = -155*j + 1. Let y be r(l). Suppose -2*a - c + 60 = 0, -2*c + y = 5*a - c. What are the prime factors of a?
2
Let w be 36/15 + 6/(-15). Suppose -4*a = 5*j + 15, -2*j + 3 - 9 = 2*a. Suppose -3*v + 75 = -7*b + 2*b, a = -w*b. List the prime factors of v.
5
Let w be -1*(24/18 - 964/12). Let h = 200 - w. List the prime factors of h.
11
Suppose -13 + 46 = 4*q - 5*i, 3*i + 15 = 2*q. Suppose z + 13 = -4*r, -q = 3*r - 2*z + 6. What are the prime factors of r + 3 + 2*16?
31
Let t(v) be the second derivative of -9*v**5/20 + v**4/12 + v**3/3 - v**2/2 + 17*v. List the prime factors of t(-2).
71
What are the prime factors of ((-83)/7 - 1)/(4/(-336))?
2, 3, 5
Suppose 0 = -7*d - 97 + 601. Suppose -5*r + 2*v = -9, 0 = -5*r + r + 5*v - 3. Suppose d = 5*y - r. List the prime factors of y.
3, 5
Suppose 5*p = -4*w + 8907, -5*w - 12 = -2. What are the prime factors of p?
1783
Let r(u) be the second derivative of 23*u**3/6 + 3*u**2 - 35*u. List the prime factors of r(5).
11
Let c(p) = p**2 - 12*p - 3. Let z be c(14). Let u = -1 + z. Suppose 2*w - a = 2*a + u, -2*a = 0. What are the prime factors of w?
2, 3
Suppose -4*r + 70 = -6*r. Let o = r + 62. List the prime factors of o.
3
Let w = 800 + 306. What are the prime factors of w?
2, 7, 79
Suppose -3*c = 2*c - 15. Suppose c*d + 2 = 4*d. Suppose 2*i = d*z - 14, 16 = -5*z - 5*i + 91. What are the prime factors of z?
11
What are the prime factors of 16/10*11/((-44)/(-480))?
2, 3
Let o(c) = -56*c + 28*c + 32*c - 7. What are the prime factors of o(9)?
29
Let y = 227 - -60. Let l = y - 125. List the prime factors of l.
2, 3
Let t = -520 - -830. Suppose -5*x + 3*v = -t, 0 = 4*x + 3*v - 4*v - 248. List the prime factors of x.
2, 31
Let r = -4947 - -9615. What are the prime factors of r?
2, 3, 389
Suppose 7*v = 5*v + 356. Let h = v + -114. Suppose 6*s - 8 = h. List the prime factors of s.
2, 3
Let v(h) = -4*h - 111. Let j be v(-27). Let n be (1 - 1)/1 + -45. List the prime factors of 5 + -7 + n/j.
13
Let m(s) = 56*s**2 + 4 - 3*s + 4*s - 6. List the prime factors of m(1).
5, 11
Let o(d) = 5 + 10 + 5 - 4 + 2*d. Let b be o(-8). Suppose -2*t + 17 = m - b*t, 0 = -t - 5. What are the prime factors of m?
3
What are the prime factors of 27/18*256/3?
2
Suppose 4*c + 0*n - n = 20, 0 = -5*c - 3*n + 8. Suppose -c*d = 4, -b + 42 - 15 = -d. List the prime factors of b.
2, 13
Let f = -136 - -79. Let k = 13 - f. What are the prime factors of k?
2, 5, 7
Suppose -5*d + 9 + 1 = 0. Suppose 0 = -3*j + r + 9, j - 3*r + d = -3. Suppose 0 = 5*t + j*h + 2, -2*h - 1 = t - h. List the prime factors of t.
2
Let x(o) = -5*o**3 - 5*o**2 + 4*o - 10. What are the prime factors of x(-9)?
2, 1597
Let r(t) = -4*t + 3. Let n(i) = i - 1. Let u(b) = 3*n(b) + r(b). List the prime factors of u(-10).
2, 5
Suppose 0 = 3*i - 0 + 15. Let c(f) = -7 + 11 - 3*f - 2 - 7. What are the prime factors of c(i)?
2, 5
Let h(m) = -36*m + 47. List the prime factors of h(-19).
17, 43
Let o be 6/4*-4*1. Let d be (-6 - -7)/(5/(-230)). What are the prime factors of (d/3)/(4/o)?
23
Suppose -20*j + 5*j + 8655 = 0. Let q = j - 261. What are the prime factors of q?
2, 79
Let p(d) = -d**3 + 21*d**2 - d + 3. Let r be p(21). Let q = -33 - -4. Let c = r - q. What are the prime factors of c?
11
Let x = 109 - 156. Let v = -39 - x. List the prime factors of v.
2
Suppose -3*d = -4*u + 575, -d + 5*d - 3*u = -762. Let j = d - -308. What are the prime factors of j?
7, 17
Let m(h) = h**2 - 11. Let v be m(0). Let z = v - -106. List the prime factors of z.
5, 19
Suppose 5*h + 2 - 14 = a, -h = -a. Suppose -f + 138 = z, 0*f + 406 = a*f - 5*z. List the prime factors of f.
137
Let l = 1 - -5. Let h be 6 + 1/((-2)/l). Suppose f + 28 = h*f. List the prime factors of f.
2, 7
Let v(r) = -114*r + 1. List the prime factors of v(-4).
457
Suppose -2*f + 7*c + 1110 = 3*c, c = 5*f - 2730. List the prime factors of f.
5, 109
Let q(l) = l**3 - 9*l**2 + 10*l - 8. Let d be q(8). Suppose 9*v = d*v + 90. What are the prime factors of v?
2, 3, 5
Let w be ((-4)/3)/(10/(-45)). Suppose 3*t + 3 = 5*g, -3*g = 2*t - w - 11. List the prime factors of 3*(-3 + 14/g).
5
Let k = -487 - -728. Let l = k - 123. List the prime factors of l.
2, 59
Let p(c) = 0*c - 3*c + c - 7. Let a be p(-7). Let i = a - 5. List the prime factors of i.
2
Let s be ((-24)/15)/((-4)/10). Let l be (s + -14)*(-1)/2. Suppose -2*t + 67 = l. List the prime factors of t.
31
Let i = 1240 - 439. What are the prime factors of i?
3, 89
Suppose -2*y - 30 = -2*h, -4*y + 2*h - 90 = y. Suppose -f = -57 + 47. List the prime factors of (12/y)/((-1)/f).
2, 3
Suppose 0 = n + 4*n - 15. Suppose -2*o + i + 13 = 4*i, -3*i + n = 0. Suppose -2*l = -4*q + 16, -q + o*l + 0*l + 13 = 0. What are the prime factors of q?
3
Suppose -5*k + 311 = -4*x, -k + 4*k - 186 = 3*x. What are the prime factors of k?
3, 7
Suppose -4*k = 12, x + 0*k - 2*k - 818 = 0. What are the prime factors of x/9 + 6/(-27)?
2, 3, 5
Let c be (-2)/(-8) + 2/(-8). Suppose c = -y - 0*y. What are the prime factors of 50/10 - y/(-2)?
5
Let t be 3*(1/6)/((-10)/(-80)). Suppose 0 = -2*m - 2*h + 5*h + 22, 0 = -4*m + 4*h + 48. What are the prime factors of (-24)/(m/4 - t)?
2, 3
Let m(n) = 7*n - 4 + n**3 - 2 + 9*n**2 - 3. What are the prime factors of m(-6)?
3, 19
Let q(u) = 11*u + 55. Let n be 0 + 3 - -2 - 0. What are the prime factors of q(n)?
2, 5, 11
Suppose -86*t = -93*t + 462. What are the prime factors of t?
2, 3, 11
Suppose -3*z + 8 = s - 8, 4*s = 5*z - 4. Suppose z*n + 4*n - 280 = 0. What are the prime factors of n?
5, 7
Let c be 8/14 - 198/77. Let y be c/(-6)*(-3 + 21). List the prime factors of (-45)/6*(-8)/y.
2, 5
Let l(u) be the third derivative of -u**4/24 + 5*u**3/6 + 5*u**2. Let o be l(5). Suppose o = -4*m - 0*m + 128. What are the prime factors of m?
2
Let f = 18 - 12. Suppose -f*n = -2*n + 12, -216 = -3*s + 4*n. What are the prime factors of s?
2, 17
Suppose -u - 16 = -5*s, -3*u = s - 6*s + 18. Let m be (1 + 14)*4/10. Suppose 0 = -3*w + s, -4*w - 39 = -t + m. List the prime factors of t.
7
Let d(w) = 4*w**2 + 4*w - 39. Let o be d(4). Let f = o - -39. What are the prime factors of f?
2, 5
Suppose -3*y + 8 = 2*y - 4*c, y = c + 1. Let q = 54 + y. List the prime factors of q.
2, 29
Suppose -170*w + 183*w = 21632. What are the prime factors of w?
2, 13
Let j(x) = 7*x**2 - 2*x - 12. What are the prime factors of j(-11)?
857
Let w(x) = -2*x**2 + 34*x + 29. Suppose 0*n + 5*m